{"id":873,"date":"2016-12-10T15:43:06","date_gmt":"2016-12-10T15:43:06","guid":{"rendered":"http:\/\/victorthemes.com\/themes\/seese\/product\/starwar-sports-bicycle\/"},"modified":"2024-08-27T07:42:54","modified_gmt":"2024-08-27T07:42:54","slug":"set-de-taburetes-zenstore","status":"publish","type":"product","link":"https:\/\/ebanti.com\/zen\/producto\/set-de-taburetes-zenstore\/","title":{"rendered":"Set de Taburetes ZenStore"},"content":{"rendered":"<p>El Set de Taburetes ZenStore combina la durabilidad del pl\u00e1stico virgen de alta calidad con un acabado \u00fanico que imita la textura de la madera de rat\u00e1n. Este conjunto de dos taburetes es perfecto para darle un toque elegante a tu sala de estar, oficina, jard\u00edn, ba\u00f1o, o cualquier otro espacio. Cada taburete soporta hasta 100 kg de peso, ofreciendo no solo estilo, sino tambi\u00e9n comodidad y funcionalidad.<\/p>\n<p>Con un suave radio de giro de 360 grados y una altura ajustable, estos taburetes incorporan un efecto de cepillado y tonos grises, adem\u00e1s de detalles r\u00fasticos. El producto se entrega completamente ensamblado, listo para ser utilizado y disfrutar de su dise\u00f1o moderno y atractivo.<\/p>\n","protected":false},"excerpt":{"rendered":"<p>A\u00f1ade un toque est\u00e9tico a cualquier espacio con el Set de Taburetes ZenStore Teakwood, de alta durabilidad y estilo moderno, ideal para interiores y exteriores.<\/p>\n","protected":false},"featured_media":2926,"comment_status":"open","ping_status":"closed","template":"","meta":{"_joinchat":[]},"product_cat":[129,128,130],"product_tag":[145],"class_list":{"0":"post-873","1":"product","2":"type-product","3":"status-publish","4":"has-post-thumbnail","6":"product_cat-decoracion","7":"product_cat-hogar-y-cocina","8":"product_cat-muebles-y-accesorios","9":"product_tag-madera","11":"first","12":"instock","13":"shipping-taxable","14":"purchasable","15":"product-type-variable"},"_links":{"self":[{"href":"https:\/\/ebanti.com\/zen\/wp-json\/wp\/v2\/product\/873","targetHints":{"allow":["GET"]}}],"collection":[{"href":"https:\/\/ebanti.com\/zen\/wp-json\/wp\/v2\/product"}],"about":[{"href":"https:\/\/ebanti.com\/zen\/wp-json\/wp\/v2\/types\/product"}],"replies":[{"embeddable":true,"href":"https:\/\/ebanti.com\/zen\/wp-json\/wp\/v2\/comments?post=873"}],"wp:featuredmedia":[{"embeddable":true,"href":"https:\/\/ebanti.com\/zen\/wp-json\/wp\/v2\/media\/2926"}],"wp:attachment":[{"href":"https:\/\/ebanti.com\/zen\/wp-json\/wp\/v2\/media?parent=873"}],"wp:term":[{"taxonomy":"product_cat","embeddable":true,"href":"https:\/\/ebanti.com\/zen\/wp-json\/wp\/v2\/product_cat?post=873"},{"taxonomy":"product_tag","embeddable":true,"href":"https:\/\/ebanti.com\/zen\/wp-json\/wp\/v2\/product_tag?post=873"}],"curies":[{"name":"wp","href":"https:\/\/api.w.org\/{rel}","templated":true}]}}