{"id":73,"date":"2016-10-31T18:24:08","date_gmt":"2016-10-31T18:24:08","guid":{"rendered":"http:\/\/192.168.88.250:8080\/outlet\/?page_id=73"},"modified":"2024-08-17T08:00:40","modified_gmt":"2024-08-17T08:00:40","slug":"navega-por-categorias","status":"publish","type":"page","link":"https:\/\/ebanti.com\/zen\/zen-store\/navega-por-categorias\/","title":{"rendered":"Categor\u00edas"},"content":{"rendered":"<div class=\"wpb-content-wrapper\"><div class=\"vc_row wpb_row vc_row-fluid\"><div class=\"wpb_column vc_column_container vc_col-sm-12\"><div class=\"vc_column-inner\"><div class=\"wpb_wrapper\"><div class=\"seese-cat-default seese-cat-default-69e0d76474858 \"><div class=\"row\"><div class=\"col-lg-6 col-md-6 col-sm-12 col-xs-12\"><div class=\"seese-catdt-box\"><a href=\"https:\/\/ebanti.com\/zen\/product-category\/salud-y-bienestar\/\"><\/a><div class=\"seese-catdt-img\"><img decoding=\"async\" src=\"https:\/\/ebanti.com\/zen\/wp-content\/uploads\/2016\/11\/storex-32.jpg\" alt=\"Salud &amp; Bienestar\" class=\"hover-effect\"><\/div><div class=\"seese-catdt-text seese-catsc-text\"><div class=\"seese-catdt-name seese-catsc-name\">Salud &amp; Bienestar <span>[7]<\/span><\/div><\/div><\/div><\/div><div class=\"col-lg-6 col-md-6 col-sm-12 col-xs-12\"><div class=\"seese-catdt-box\"><a href=\"https:\/\/ebanti.com\/zen\/product-category\/muebles-y-accesorios\/\"><\/a><div class=\"seese-catdt-img\"><img decoding=\"async\" src=\"https:\/\/ebanti.com\/zen\/wp-content\/uploads\/2016\/11\/storex-33.jpg\" alt=\"Muebles &amp; Accesorios\" class=\"hover-effect\"><\/div><div class=\"seese-catdt-text seese-catsc-text\"><div class=\"seese-catdt-name seese-catsc-name\">Muebles &amp; Accesorios <span>[12]<\/span><\/div><\/div><\/div><\/div><\/div><div class=\"row\"><div class=\"col-lg-6 col-md-6 col-sm-12 col-xs-12\"><div class=\"seese-catdt-box\"><a href=\"https:\/\/ebanti.com\/zen\/product-category\/iluminacion\/\"><\/a><div class=\"seese-catdt-img\"><img decoding=\"async\" src=\"https:\/\/ebanti.com\/zen\/wp-content\/uploads\/2016\/11\/store-21.jpg\" alt=\"Iluminaci\u00f3n\" class=\"hover-effect\"><\/div><div class=\"seese-catdt-text seese-catsc-text\"><div class=\"seese-catdt-name seese-catsc-name\">Iluminaci\u00f3n <span>[5]<\/span><\/div><\/div><\/div><\/div><div class=\"col-lg-6 col-md-6 col-sm-12 col-xs-12\"><div class=\"seese-catdt-box\"><a href=\"https:\/\/ebanti.com\/zen\/product-category\/hogar-y-cocina\/\"><\/a><div class=\"seese-catdt-img\"><img decoding=\"async\" src=\"https:\/\/ebanti.com\/zen\/wp-content\/uploads\/2016\/11\/storex-81.jpg\" alt=\"Hogar &amp; Cocina\" class=\"hover-effect\"><\/div><div class=\"seese-catdt-text seese-catsc-text\"><div class=\"seese-catdt-name seese-catsc-name\">Hogar &amp; Cocina <span>[20]<\/span><\/div><\/div><\/div><\/div><\/div><div class=\"row\"><div class=\"col-lg-6 col-md-6 col-sm-12 col-xs-12\"><div class=\"seese-catdt-box\"><a href=\"https:\/\/ebanti.com\/zen\/product-category\/disponible-en-amazon\/\"><\/a><div class=\"seese-catdt-img\"><img decoding=\"async\" src=\"https:\/\/ebanti.com\/zen\/wp-content\/uploads\/2016\/10\/store-6.jpg\" alt=\"Disponible en Amazon\" class=\"hover-effect\"><\/div><div class=\"seese-catdt-text seese-catsc-text\"><div class=\"seese-catdt-name seese-catsc-name\">Disponible en Amazon <span>[2]<\/span><\/div><\/div><\/div><\/div><div class=\"col-lg-6 col-md-6 col-sm-12 col-xs-12\"><div class=\"seese-catdt-box\"><a href=\"https:\/\/ebanti.com\/zen\/product-category\/decoracion\/\"><\/a><div class=\"seese-catdt-img\"><img decoding=\"async\" src=\"https:\/\/ebanti.com\/zen\/wp-content\/uploads\/2016\/11\/storex-8.jpg\" alt=\"Decoraci\u00f3n\" class=\"hover-effect\"><\/div><div class=\"seese-catdt-text seese-catsc-text\"><div class=\"seese-catdt-name seese-catsc-name\">Decoraci\u00f3n <span>[22]<\/span><\/div><\/div><\/div><\/div><\/div><div class=\"row\"><div class=\"col-lg-6 col-md-6 col-sm-12 col-xs-12\"><div class=\"seese-catdt-box\"><a href=\"https:\/\/ebanti.com\/zen\/product-category\/accesorios-de-bano\/\"><\/a><div class=\"seese-catdt-img\"><img decoding=\"async\" src=\"https:\/\/ebanti.com\/zen\/wp-content\/uploads\/2016\/11\/storex-49.jpg\" alt=\"Accesorios de Ba\u00f1o\" class=\"hover-effect\"><\/div><div class=\"seese-catdt-text seese-catsc-text\"><div class=\"seese-catdt-name seese-catsc-name\">Accesorios de Ba\u00f1o <span>[10]<\/span><\/div><\/div><\/div><\/div><div class=\"col-lg-6 col-md-6 col-sm-12 col-xs-12\"><div class=\"seese-catdt-box\"><a href=\"https:\/\/ebanti.com\/zen\/product-category\/accesorios-personales\/\"><\/a><div class=\"seese-catdt-img\"><img decoding=\"async\" src=\"https:\/\/ebanti.com\/zen\/wp-content\/uploads\/2016\/11\/storex-19.jpg\" alt=\"Accesorios\" class=\"hover-effect\"><\/div><div class=\"seese-catdt-text seese-catsc-text\"><div class=\"seese-catdt-name seese-catsc-name\">Accesorios <span>[14]<\/span><\/div><\/div><\/div><\/div><\/div><div class=\"row\"><div class=\"col-lg-6 col-md-6 col-sm-12 col-xs-12\"><div class=\"seese-catdt-box\"><a href=\"https:\/\/ebanti.com\/zen\/product-category\/lo-mas-vendido\/\"><\/a><div class=\"seese-catdt-img\"><img decoding=\"async\" src=\"https:\/\/ebanti.com\/zen\/wp-content\/uploads\/2016\/11\/storex-33.jpg\" alt=\"+ Productos\" class=\"hover-effect\"><\/div><div class=\"seese-catdt-text seese-catsc-text\"><div class=\"seese-catdt-name seese-catsc-name\">+ Productos <span>[6]<\/span><\/div><\/div><\/div><\/div><\/div><\/div><\/div><\/div><\/div><\/div>\n<\/div>","protected":false},"excerpt":{"rendered":"<p>Salud &amp; Bienestar [7]Muebles &amp; Accesorios [12]Iluminaci\u00f3n [5]Hogar &amp; Cocina [20]Disponible en Amazon [2]Decoraci\u00f3n [22]Accesorios de Ba\u00f1o [10]Accesorios [14]+ Productos [6]<\/p>\n","protected":false},"author":1,"featured_media":0,"parent":24,"menu_order":0,"comment_status":"closed","ping_status":"closed","template":"","meta":{"_joinchat":[],"footnotes":""},"class_list":["post-73","page","type-page","status-publish","hentry"],"_links":{"self":[{"href":"https:\/\/ebanti.com\/zen\/wp-json\/wp\/v2\/pages\/73","targetHints":{"allow":["GET"]}}],"collection":[{"href":"https:\/\/ebanti.com\/zen\/wp-json\/wp\/v2\/pages"}],"about":[{"href":"https:\/\/ebanti.com\/zen\/wp-json\/wp\/v2\/types\/page"}],"author":[{"embeddable":true,"href":"https:\/\/ebanti.com\/zen\/wp-json\/wp\/v2\/users\/1"}],"replies":[{"embeddable":true,"href":"https:\/\/ebanti.com\/zen\/wp-json\/wp\/v2\/comments?post=73"}],"version-history":[{"count":3,"href":"https:\/\/ebanti.com\/zen\/wp-json\/wp\/v2\/pages\/73\/revisions"}],"predecessor-version":[{"id":3057,"href":"https:\/\/ebanti.com\/zen\/wp-json\/wp\/v2\/pages\/73\/revisions\/3057"}],"up":[{"embeddable":true,"href":"https:\/\/ebanti.com\/zen\/wp-json\/wp\/v2\/pages\/24"}],"wp:attachment":[{"href":"https:\/\/ebanti.com\/zen\/wp-json\/wp\/v2\/media?parent=73"}],"curies":[{"name":"wp","href":"https:\/\/api.w.org\/{rel}","templated":true}]}}