{"id":393,"date":"2023-09-29T06:21:37","date_gmt":"2023-09-29T06:21:37","guid":{"rendered":"https:\/\/ebanti.com\/tienda\/?post_type=product&#038;p=393"},"modified":"2023-09-29T07:04:53","modified_gmt":"2023-09-29T07:04:53","slug":"new-product-19","status":"publish","type":"product","link":"https:\/\/ebanti.com\/tienda\/producto\/new-product-19\/","title":{"rendered":"El Amo de los Tiempos: Novela de fantas\u00eda \u00e9pica, aventura y mitolog\u00eda."},"content":{"rendered":"<p>Salomeno, un hombre conocido como La Serpiente Traga Hombres, era el conquistador m\u00e1s sangriento que recuerde el continente de G\u00e1lica, hasta que sufre un cambio que lo incita a buscar la redenci\u00f3n, y se aventura en exilio al continente de Jobos. En su posesi\u00f3n tiene a dos soles: unas deidades que seg\u00fan \u00e9l se han hecho carne, manifestados en la forma de dos gemelos, Arias y Nira, a quienes Salomeno ha criado como suyos. Con la ayuda de este radiante y catastr\u00f3fico poder, cuenta con crear una naci\u00f3n llamada Savana, que alberga a todos quienes \u00e9l una vez humill\u00f3, y as\u00ed entonces derrocar el actual Amo del Tiempo, un rey despiadado conocido como La\u2019Mourg, quien desea tomar custodia de los ni\u00f1os ya que, seg\u00fan la profec\u00eda, est\u00e1n destinados a destronarlo. En plena transici\u00f3n a la adolescencia, Arias y Nira se aventuran a un peregrinaje cuyo objetivo es convencer a la mayor cantidad de gente de que ellos son los elegidos para liberarles, pero en su camino se topar\u00e1n con amos, esclavos, opresores, impostores, traidores, ladrones y un rey demente, cambiando para siempre su percepci\u00f3n del mundo, y por lo tanto a este.<\/p>\n<p>Con lo que no contaba Salomeno era que uno de los soles brillaba por s\u00ed solo, y el otro, para s\u00ed mismo.<\/p>\n<p>El Amo de los Tiempos es el primer volumen de una saga en que la l\u00ednea que divide a los h\u00e9roes de los villanos es menos n\u00edtida de lo que parece; en donde las batallas campales y las luchas emocionales de los dos peque\u00f1os dioses pueden ser igual de determinantes para el curso de la historia, y est\u00e1 dirigida a los amantes de la fantas\u00eda, la ciencia ficci\u00f3n y las aventuras, contando adem\u00e1s con personajes femeninos complejos y sumamente relevantes y una variedad de referencias culturales que la multitud de lectores hispanohablantes apreciar\u00e1, estando como est\u00e1n acostumbrados a historias concebidas en ingl\u00e9s y en mundos que no siempre les son propios.<\/p>\n","protected":false},"excerpt":{"rendered":"<p>\u00bfEs valioso el destino, sobre todo si ha sido elegido por un agente externo? \u00bfExiste el libre albedr\u00edo para los dioses?<\/p>\n","protected":false},"featured_media":416,"comment_status":"open","ping_status":"closed","template":"","meta":{"_uag_custom_page_level_css":"","_joinchat":[]},"product_cat":[25,27],"product_tag":[],"class_list":["post-393","product","type-product","status-publish","has-post-thumbnail","hentry","product_cat-libros","product_cat-literatura-fantastica"],"uagb_featured_image_src":{"full":["https:\/\/ebanti.com\/tienda\/wp-content\/uploads\/2023\/09\/91mCVkGdIfL._SY342_.jpg",216,342,false],"thumbnail":["https:\/\/ebanti.com\/tienda\/wp-content\/uploads\/2023\/09\/91mCVkGdIfL._SY342_-150x150.jpg",150,150,true],"medium":["https:\/\/ebanti.com\/tienda\/wp-content\/uploads\/2023\/09\/91mCVkGdIfL._SY342_-189x300.jpg",189,300,true],"medium_large":["https:\/\/ebanti.com\/tienda\/wp-content\/uploads\/2023\/09\/91mCVkGdIfL._SY342_.jpg",216,342,false],"large":["https:\/\/ebanti.com\/tienda\/wp-content\/uploads\/2023\/09\/91mCVkGdIfL._SY342_.jpg",216,342,false],"1536x1536":["https:\/\/ebanti.com\/tienda\/wp-content\/uploads\/2023\/09\/91mCVkGdIfL._SY342_.jpg",216,342,false],"2048x2048":["https:\/\/ebanti.com\/tienda\/wp-content\/uploads\/2023\/09\/91mCVkGdIfL._SY342_.jpg",216,342,false],"the_grid_size1":["https:\/\/ebanti.com\/tienda\/wp-content\/uploads\/2023\/09\/91mCVkGdIfL._SY342_.jpg",216,342,false],"the_grid_size2":["https:\/\/ebanti.com\/tienda\/wp-content\/uploads\/2023\/09\/91mCVkGdIfL._SY342_.jpg",216,342,false],"the_grid_size3":["https:\/\/ebanti.com\/tienda\/wp-content\/uploads\/2023\/09\/91mCVkGdIfL._SY342_.jpg",216,342,false],"the_grid_size4":["https:\/\/ebanti.com\/tienda\/wp-content\/uploads\/2023\/09\/91mCVkGdIfL._SY342_.jpg",216,342,false],"the_grid_size5":["https:\/\/ebanti.com\/tienda\/wp-content\/uploads\/2023\/09\/91mCVkGdIfL._SY342_.jpg",216,342,false],"woocommerce_thumbnail":["https:\/\/ebanti.com\/tienda\/wp-content\/uploads\/2023\/09\/91mCVkGdIfL._SY342_-216x300.jpg",216,300,true],"woocommerce_single":["https:\/\/ebanti.com\/tienda\/wp-content\/uploads\/2023\/09\/91mCVkGdIfL._SY342_.jpg",216,342,false],"woocommerce_gallery_thumbnail":["https:\/\/ebanti.com\/tienda\/wp-content\/uploads\/2023\/09\/91mCVkGdIfL._SY342_-100x100.jpg",100,100,true],"portfolio_item-thumbnail":["https:\/\/ebanti.com\/tienda\/wp-content\/uploads\/2023\/09\/91mCVkGdIfL._SY342_.jpg",216,342,false],"portfolio_item-thumbnail@2x":["https:\/\/ebanti.com\/tienda\/wp-content\/uploads\/2023\/09\/91mCVkGdIfL._SY342_.jpg",216,342,false],"portfolio_item-masonry":["https:\/\/ebanti.com\/tienda\/wp-content\/uploads\/2023\/09\/91mCVkGdIfL._SY342_.jpg",216,342,false],"portfolio_item-masonry@2x":["https:\/\/ebanti.com\/tienda\/wp-content\/uploads\/2023\/09\/91mCVkGdIfL._SY342_.jpg",216,342,false],"portfolio_item-thumbnail_cinema":["https:\/\/ebanti.com\/tienda\/wp-content\/uploads\/2023\/09\/91mCVkGdIfL._SY342_-216x335.jpg",216,335,true],"portfolio_item-thumbnail_portrait":["https:\/\/ebanti.com\/tienda\/wp-content\/uploads\/2023\/09\/91mCVkGdIfL._SY342_.jpg",216,342,false],"portfolio_item-thumbnail_portrait@2x":["https:\/\/ebanti.com\/tienda\/wp-content\/uploads\/2023\/09\/91mCVkGdIfL._SY342_.jpg",216,342,false],"portfolio_item-thumbnail_square":["https:\/\/ebanti.com\/tienda\/wp-content\/uploads\/2023\/09\/91mCVkGdIfL._SY342_.jpg",216,342,false]},"uagb_author_info":{"display_name":"soporte@ebanti.com","author_link":"https:\/\/ebanti.com\/tienda\/author\/"},"uagb_comment_info":0,"uagb_excerpt":"\u00bfEs valioso el destino, sobre todo si ha sido elegido por un agente externo? \u00bfExiste el libre albedr\u00edo para los dioses?","featured_media_urls":{"thumbnail":["https:\/\/ebanti.com\/tienda\/wp-content\/uploads\/2023\/09\/91mCVkGdIfL._SY342_-150x150.jpg",150,150,true],"medium":["https:\/\/ebanti.com\/tienda\/wp-content\/uploads\/2023\/09\/91mCVkGdIfL._SY342_-189x300.jpg",189,300,true],"medium_large":["https:\/\/ebanti.com\/tienda\/wp-content\/uploads\/2023\/09\/91mCVkGdIfL._SY342_.jpg",216,342,false],"large":["https:\/\/ebanti.com\/tienda\/wp-content\/uploads\/2023\/09\/91mCVkGdIfL._SY342_.jpg",216,342,false],"1536x1536":["https:\/\/ebanti.com\/tienda\/wp-content\/uploads\/2023\/09\/91mCVkGdIfL._SY342_.jpg",216,342,false],"2048x2048":["https:\/\/ebanti.com\/tienda\/wp-content\/uploads\/2023\/09\/91mCVkGdIfL._SY342_.jpg",216,342,false],"the_grid_size1":["https:\/\/ebanti.com\/tienda\/wp-content\/uploads\/2023\/09\/91mCVkGdIfL._SY342_.jpg",216,342,false],"the_grid_size2":["https:\/\/ebanti.com\/tienda\/wp-content\/uploads\/2023\/09\/91mCVkGdIfL._SY342_.jpg",216,342,false],"the_grid_size3":["https:\/\/ebanti.com\/tienda\/wp-content\/uploads\/2023\/09\/91mCVkGdIfL._SY342_.jpg",216,342,false],"the_grid_size4":["https:\/\/ebanti.com\/tienda\/wp-content\/uploads\/2023\/09\/91mCVkGdIfL._SY342_.jpg",216,342,false],"the_grid_size5":["https:\/\/ebanti.com\/tienda\/wp-content\/uploads\/2023\/09\/91mCVkGdIfL._SY342_.jpg",216,342,false],"woocommerce_thumbnail":["https:\/\/ebanti.com\/tienda\/wp-content\/uploads\/2023\/09\/91mCVkGdIfL._SY342_-216x300.jpg",216,300,true],"woocommerce_single":["https:\/\/ebanti.com\/tienda\/wp-content\/uploads\/2023\/09\/91mCVkGdIfL._SY342_.jpg",216,342,false],"woocommerce_gallery_thumbnail":["https:\/\/ebanti.com\/tienda\/wp-content\/uploads\/2023\/09\/91mCVkGdIfL._SY342_-100x100.jpg",100,100,true],"portfolio_item-thumbnail":["https:\/\/ebanti.com\/tienda\/wp-content\/uploads\/2023\/09\/91mCVkGdIfL._SY342_.jpg",216,342,false],"portfolio_item-thumbnail@2x":["https:\/\/ebanti.com\/tienda\/wp-content\/uploads\/2023\/09\/91mCVkGdIfL._SY342_.jpg",216,342,false],"portfolio_item-masonry":["https:\/\/ebanti.com\/tienda\/wp-content\/uploads\/2023\/09\/91mCVkGdIfL._SY342_.jpg",216,342,false],"portfolio_item-masonry@2x":["https:\/\/ebanti.com\/tienda\/wp-content\/uploads\/2023\/09\/91mCVkGdIfL._SY342_.jpg",216,342,false],"portfolio_item-thumbnail_cinema":["https:\/\/ebanti.com\/tienda\/wp-content\/uploads\/2023\/09\/91mCVkGdIfL._SY342_-216x335.jpg",216,335,true],"portfolio_item-thumbnail_portrait":["https:\/\/ebanti.com\/tienda\/wp-content\/uploads\/2023\/09\/91mCVkGdIfL._SY342_.jpg",216,342,false],"portfolio_item-thumbnail_portrait@2x":["https:\/\/ebanti.com\/tienda\/wp-content\/uploads\/2023\/09\/91mCVkGdIfL._SY342_.jpg",216,342,false],"portfolio_item-thumbnail_square":["https:\/\/ebanti.com\/tienda\/wp-content\/uploads\/2023\/09\/91mCVkGdIfL._SY342_.jpg",216,342,false]},"_links":{"self":[{"href":"https:\/\/ebanti.com\/tienda\/wp-json\/wp\/v2\/product\/393","targetHints":{"allow":["GET"]}}],"collection":[{"href":"https:\/\/ebanti.com\/tienda\/wp-json\/wp\/v2\/product"}],"about":[{"href":"https:\/\/ebanti.com\/tienda\/wp-json\/wp\/v2\/types\/product"}],"replies":[{"embeddable":true,"href":"https:\/\/ebanti.com\/tienda\/wp-json\/wp\/v2\/comments?post=393"}],"wp:featuredmedia":[{"embeddable":true,"href":"https:\/\/ebanti.com\/tienda\/wp-json\/wp\/v2\/media\/416"}],"wp:attachment":[{"href":"https:\/\/ebanti.com\/tienda\/wp-json\/wp\/v2\/media?parent=393"}],"wp:term":[{"taxonomy":"product_cat","embeddable":true,"href":"https:\/\/ebanti.com\/tienda\/wp-json\/wp\/v2\/product_cat?post=393"},{"taxonomy":"product_tag","embeddable":true,"href":"https:\/\/ebanti.com\/tienda\/wp-json\/wp\/v2\/product_tag?post=393"}],"curies":[{"name":"wp","href":"https:\/\/api.w.org\/{rel}","templated":true}]}}