{"id":385,"date":"2023-09-29T06:21:36","date_gmt":"2023-09-29T06:21:36","guid":{"rendered":"https:\/\/ebanti.com\/tienda\/?post_type=product&#038;p=385"},"modified":"2026-03-07T14:38:58","modified_gmt":"2026-03-07T14:38:58","slug":"new-product-11","status":"publish","type":"product","link":"https:\/\/ebanti.com\/tienda\/producto\/new-product-11\/","title":{"rendered":"Elantris (Spanish Edition)"},"content":{"rendered":"<p>\u00abLa m\u00e1s bella novela de fantas\u00eda que se escribir\u00e1 en muchos a\u00f1os.\u00bb.-Orson Scott Card, autor de El juego de Ender.<\/p>\n<p>Bienvenidos a la ciudad de Elantris, la poderosa y bella capital de Arelon llamada \u00abla ciudad de los dioses\u00bb. Anta\u00f1o famosa sede de inmortales, lugar repleto de poderosa magia, Elantris ha ca\u00eddo en desgracia. Ahora solo acoge a los nuevos \u00abmuertos en vida\u00bb, postrados en una insufrible \u00abno-vida\u00bb tras una misteriosa y terrible transformaci\u00f3n.<br \/>\nUn matrimonio de Estado destinado a unir los reinos de Arelon y Teod se frustra, ya que el novio, Raoden, el pr\u00edncipe de Arelon, sufre inesperadamente la Transformaci\u00f3n, se convierte en un \u00abmuerto en vida\u00bb y debe refugiarse en Elantris. Su reciente esposa, la princesa Sarene de Teod, crey\u00e9ndolo muerto, se ve obligada a incorporarse a la vida de Arelon y su nueva capital, Kae. Mientras, el embajador y alto sacerdote de otro reino vecino, Fjordell, usar\u00e1 su habilidad pol\u00edtica para intentar dominar Arelod y Teod con el prop\u00f3sito de someterlos a su emperador y su dios.<\/p>\n<p>Esta nueva versi\u00f3n, convertida en la edici\u00f3n definitiva del autor, empieza con un prefacio de Dan Wells, la primera persona que ley\u00f3 el manuscrito completo, y un nuevo pr\u00f3logo de Miquel Barcel\u00f3, su primer editor en castellano. La cierra un ep\u00edlogo en que el propio Sanderson nos cuenta por que escribi\u00f3 esta novela y su importancia en el Cosmere, el fascinante universo que comparte la mayor\u00eda de sus obras. Se incluye tambi\u00e9n una versi\u00f3n ampliada del ap\u00e9ndice \u00abArs Arcanum\u00bb, con m\u00e1s detalles t\u00e9cnicos sobre la magia de un libro m\u00edtico para su legi\u00f3n de lectores.<\/p>\n<p>ENGLISH DESCRIPTION<\/p>\n<p>In 2005, Brandon Sanderson debuted with Elantris, an epic fantasy unlike any other then on the market. To celebrate its tenth anniversary, Tor is reissuing Elantris in a special edition, a fresh chance to introduce it to the myriad readers who have since become Sanderson fans.<\/p>\n<p>&#8220;The most beautiful fantasy novel written in many years&#8221;.- Orson Scott Card, author of Ender&#8217;s Game.<\/p>\n<p>This new edition begins with a preface by author Dan Wells, the first person to read the completed novel, and a new afterword by Sanderson explaining how he came to write the book and its place in the Cosmere, the unified universe of all his Tor novels.<\/p>\n<p>Also included is an expanded version of the &#8220;Ars Arcanum&#8221; appendix, with more of the technical details of the book&#8217;s magic that fans can never get enough of.Elantris was truly a milestone both for Sanderson and for the genre of epic fantasy. It deserves this special treatment, something Tor has done only once before, with Orson Scott Card&#8217;s Ender&#8217;s Game. Sanderson fans old and new will be excited to discover it.<\/p>\n","protected":false},"excerpt":{"rendered":"<p>Una novela imprescindible para los amantes de la fantas\u00eda \u00e9pica. Por el consagrado autor del g\u00e9nero Brandon Sanderson.<br \/>\nEdici\u00f3n d\u00e9cimo aniversario: versi\u00f3n definitiva del autor<\/p>\n","protected":false},"featured_media":406,"comment_status":"open","ping_status":"closed","template":"","meta":{"_uag_custom_page_level_css":"","_joinchat":[]},"product_cat":[25,27],"product_tag":[],"class_list":["post-385","product","type-product","status-publish","has-post-thumbnail","hentry","product_cat-libros","product_cat-literatura-fantastica"],"uagb_featured_image_src":{"full":["https:\/\/ebanti.com\/tienda\/wp-content\/uploads\/2023\/09\/81uPCz1OK6L._SY342_.jpg",223,342,false],"thumbnail":["https:\/\/ebanti.com\/tienda\/wp-content\/uploads\/2023\/09\/81uPCz1OK6L._SY342_-150x150.jpg",150,150,true],"medium":["https:\/\/ebanti.com\/tienda\/wp-content\/uploads\/2023\/09\/81uPCz1OK6L._SY342_-196x300.jpg",196,300,true],"medium_large":["https:\/\/ebanti.com\/tienda\/wp-content\/uploads\/2023\/09\/81uPCz1OK6L._SY342_.jpg",223,342,false],"large":["https:\/\/ebanti.com\/tienda\/wp-content\/uploads\/2023\/09\/81uPCz1OK6L._SY342_.jpg",223,342,false],"1536x1536":["https:\/\/ebanti.com\/tienda\/wp-content\/uploads\/2023\/09\/81uPCz1OK6L._SY342_.jpg",223,342,false],"2048x2048":["https:\/\/ebanti.com\/tienda\/wp-content\/uploads\/2023\/09\/81uPCz1OK6L._SY342_.jpg",223,342,false],"the_grid_size1":["https:\/\/ebanti.com\/tienda\/wp-content\/uploads\/2023\/09\/81uPCz1OK6L._SY342_.jpg",223,342,false],"the_grid_size2":["https:\/\/ebanti.com\/tienda\/wp-content\/uploads\/2023\/09\/81uPCz1OK6L._SY342_.jpg",223,342,false],"the_grid_size3":["https:\/\/ebanti.com\/tienda\/wp-content\/uploads\/2023\/09\/81uPCz1OK6L._SY342_.jpg",223,342,false],"the_grid_size4":["https:\/\/ebanti.com\/tienda\/wp-content\/uploads\/2023\/09\/81uPCz1OK6L._SY342_.jpg",223,342,false],"the_grid_size5":["https:\/\/ebanti.com\/tienda\/wp-content\/uploads\/2023\/09\/81uPCz1OK6L._SY342_.jpg",223,342,false],"woocommerce_thumbnail":["https:\/\/ebanti.com\/tienda\/wp-content\/uploads\/2023\/09\/81uPCz1OK6L._SY342_-223x300.jpg",223,300,true],"woocommerce_single":["https:\/\/ebanti.com\/tienda\/wp-content\/uploads\/2023\/09\/81uPCz1OK6L._SY342_.jpg",223,342,false],"woocommerce_gallery_thumbnail":["https:\/\/ebanti.com\/tienda\/wp-content\/uploads\/2023\/09\/81uPCz1OK6L._SY342_-100x100.jpg",100,100,true],"portfolio_item-thumbnail":["https:\/\/ebanti.com\/tienda\/wp-content\/uploads\/2023\/09\/81uPCz1OK6L._SY342_.jpg",223,342,false],"portfolio_item-thumbnail@2x":["https:\/\/ebanti.com\/tienda\/wp-content\/uploads\/2023\/09\/81uPCz1OK6L._SY342_.jpg",223,342,false],"portfolio_item-masonry":["https:\/\/ebanti.com\/tienda\/wp-content\/uploads\/2023\/09\/81uPCz1OK6L._SY342_.jpg",223,342,false],"portfolio_item-masonry@2x":["https:\/\/ebanti.com\/tienda\/wp-content\/uploads\/2023\/09\/81uPCz1OK6L._SY342_.jpg",223,342,false],"portfolio_item-thumbnail_cinema":["https:\/\/ebanti.com\/tienda\/wp-content\/uploads\/2023\/09\/81uPCz1OK6L._SY342_-223x335.jpg",223,335,true],"portfolio_item-thumbnail_portrait":["https:\/\/ebanti.com\/tienda\/wp-content\/uploads\/2023\/09\/81uPCz1OK6L._SY342_.jpg",223,342,false],"portfolio_item-thumbnail_portrait@2x":["https:\/\/ebanti.com\/tienda\/wp-content\/uploads\/2023\/09\/81uPCz1OK6L._SY342_.jpg",223,342,false],"portfolio_item-thumbnail_square":["https:\/\/ebanti.com\/tienda\/wp-content\/uploads\/2023\/09\/81uPCz1OK6L._SY342_.jpg",223,342,false]},"uagb_author_info":{"display_name":"soporte@ebanti.com","author_link":"https:\/\/ebanti.com\/tienda\/author\/"},"uagb_comment_info":1,"uagb_excerpt":"Una novela imprescindible para los amantes de la fantas\u00eda \u00e9pica. Por el consagrado autor del g\u00e9nero Brandon Sanderson. Edici\u00f3n d\u00e9cimo aniversario: versi\u00f3n definitiva del autor","featured_media_urls":{"thumbnail":["https:\/\/ebanti.com\/tienda\/wp-content\/uploads\/2023\/09\/81uPCz1OK6L._SY342_-150x150.jpg",150,150,true],"medium":["https:\/\/ebanti.com\/tienda\/wp-content\/uploads\/2023\/09\/81uPCz1OK6L._SY342_-196x300.jpg",196,300,true],"medium_large":["https:\/\/ebanti.com\/tienda\/wp-content\/uploads\/2023\/09\/81uPCz1OK6L._SY342_.jpg",223,342,false],"large":["https:\/\/ebanti.com\/tienda\/wp-content\/uploads\/2023\/09\/81uPCz1OK6L._SY342_.jpg",223,342,false],"1536x1536":["https:\/\/ebanti.com\/tienda\/wp-content\/uploads\/2023\/09\/81uPCz1OK6L._SY342_.jpg",223,342,false],"2048x2048":["https:\/\/ebanti.com\/tienda\/wp-content\/uploads\/2023\/09\/81uPCz1OK6L._SY342_.jpg",223,342,false],"the_grid_size1":["https:\/\/ebanti.com\/tienda\/wp-content\/uploads\/2023\/09\/81uPCz1OK6L._SY342_.jpg",223,342,false],"the_grid_size2":["https:\/\/ebanti.com\/tienda\/wp-content\/uploads\/2023\/09\/81uPCz1OK6L._SY342_.jpg",223,342,false],"the_grid_size3":["https:\/\/ebanti.com\/tienda\/wp-content\/uploads\/2023\/09\/81uPCz1OK6L._SY342_.jpg",223,342,false],"the_grid_size4":["https:\/\/ebanti.com\/tienda\/wp-content\/uploads\/2023\/09\/81uPCz1OK6L._SY342_.jpg",223,342,false],"the_grid_size5":["https:\/\/ebanti.com\/tienda\/wp-content\/uploads\/2023\/09\/81uPCz1OK6L._SY342_.jpg",223,342,false],"woocommerce_thumbnail":["https:\/\/ebanti.com\/tienda\/wp-content\/uploads\/2023\/09\/81uPCz1OK6L._SY342_-223x300.jpg",223,300,true],"woocommerce_single":["https:\/\/ebanti.com\/tienda\/wp-content\/uploads\/2023\/09\/81uPCz1OK6L._SY342_.jpg",223,342,false],"woocommerce_gallery_thumbnail":["https:\/\/ebanti.com\/tienda\/wp-content\/uploads\/2023\/09\/81uPCz1OK6L._SY342_-100x100.jpg",100,100,true],"portfolio_item-thumbnail":["https:\/\/ebanti.com\/tienda\/wp-content\/uploads\/2023\/09\/81uPCz1OK6L._SY342_.jpg",223,342,false],"portfolio_item-thumbnail@2x":["https:\/\/ebanti.com\/tienda\/wp-content\/uploads\/2023\/09\/81uPCz1OK6L._SY342_.jpg",223,342,false],"portfolio_item-masonry":["https:\/\/ebanti.com\/tienda\/wp-content\/uploads\/2023\/09\/81uPCz1OK6L._SY342_.jpg",223,342,false],"portfolio_item-masonry@2x":["https:\/\/ebanti.com\/tienda\/wp-content\/uploads\/2023\/09\/81uPCz1OK6L._SY342_.jpg",223,342,false],"portfolio_item-thumbnail_cinema":["https:\/\/ebanti.com\/tienda\/wp-content\/uploads\/2023\/09\/81uPCz1OK6L._SY342_-223x335.jpg",223,335,true],"portfolio_item-thumbnail_portrait":["https:\/\/ebanti.com\/tienda\/wp-content\/uploads\/2023\/09\/81uPCz1OK6L._SY342_.jpg",223,342,false],"portfolio_item-thumbnail_portrait@2x":["https:\/\/ebanti.com\/tienda\/wp-content\/uploads\/2023\/09\/81uPCz1OK6L._SY342_.jpg",223,342,false],"portfolio_item-thumbnail_square":["https:\/\/ebanti.com\/tienda\/wp-content\/uploads\/2023\/09\/81uPCz1OK6L._SY342_.jpg",223,342,false]},"_links":{"self":[{"href":"https:\/\/ebanti.com\/tienda\/wp-json\/wp\/v2\/product\/385","targetHints":{"allow":["GET"]}}],"collection":[{"href":"https:\/\/ebanti.com\/tienda\/wp-json\/wp\/v2\/product"}],"about":[{"href":"https:\/\/ebanti.com\/tienda\/wp-json\/wp\/v2\/types\/product"}],"replies":[{"embeddable":true,"href":"https:\/\/ebanti.com\/tienda\/wp-json\/wp\/v2\/comments?post=385"}],"wp:featuredmedia":[{"embeddable":true,"href":"https:\/\/ebanti.com\/tienda\/wp-json\/wp\/v2\/media\/406"}],"wp:attachment":[{"href":"https:\/\/ebanti.com\/tienda\/wp-json\/wp\/v2\/media?parent=385"}],"wp:term":[{"taxonomy":"product_cat","embeddable":true,"href":"https:\/\/ebanti.com\/tienda\/wp-json\/wp\/v2\/product_cat?post=385"},{"taxonomy":"product_tag","embeddable":true,"href":"https:\/\/ebanti.com\/tienda\/wp-json\/wp\/v2\/product_tag?post=385"}],"curies":[{"name":"wp","href":"https:\/\/api.w.org\/{rel}","templated":true}]}}