{"id":384,"date":"2023-09-29T06:21:36","date_gmt":"2023-09-29T06:21:36","guid":{"rendered":"https:\/\/ebanti.com\/tienda\/?post_type=product&#038;p=384"},"modified":"2023-09-29T07:04:52","modified_gmt":"2023-09-29T07:04:52","slug":"new-product-10","status":"publish","type":"product","link":"https:\/\/ebanti.com\/tienda\/producto\/new-product-10\/","title":{"rendered":"El despertar del drag\u00f3n: Una novela de fantas\u00eda \u00e9pica"},"content":{"rendered":"<p>Sinopsis: Algo anda mal en el reino de Argoth. Aunque la magia y la hechicer\u00eda est\u00e1 estrictamente prohibida bajo la pena de muerte, hay rumores de un levantamiento de brujos. En medio de ello, el capit\u00e1n Degoth, guerrero de la Orden del Drag\u00f3n, recibe una misi\u00f3n inusual. Lo que comienza como una revisi\u00f3n de rutina, se convierte en un crimen brutal. Un hechicero es responsable de la muerte de m\u00faltiples personas y el secuestro de una peque\u00f1a ni\u00f1a. \u00bfHay algo especial en esa ni\u00f1a? Degoth sospecha que s\u00ed. Lo que encontrar\u00e1 pondr\u00e1 en riesgo no solo su vida y de la sargento Dina, sino del reino entero.<\/p>\n<p>El despertar del drag\u00f3n es una novela \u00e9pica de fantas\u00eda que no podr\u00e1s dejar de leer.<\/p>\n<p>Extracto:<br \/>\n\u2014Tu orden de arresto es por el pecado de herej\u00eda \u2014dijo Degoth\u2014. Se te acusa de practicar la magia y hechicer\u00eda, en contra del Edicto de Inshetabi, conforme a la ley de Argoth, ratificada por la reina, ley que no puede ser abrogada.<\/p>\n<p>El hombre sonri\u00f3. Luego se rio, una risa grave y gutural:<\/p>\n<p>\u2014Ustedes\u2026 no tienen idea. \u00bfC\u00f3mo puede ser que nos maten a nosotros, mientras que a ustedes, los dragones, los dejan vivos? Los dragones son diez veces peor que cualquier hechicero. \u00bfCreen que pueden deshacerse de nosotros, como si fu\u00e9ramos cucarachas?<\/p>\n<p>\u2014Mant\u00e9n tus manos sobre la mesa.<\/p>\n<p>\u2014\u00bfComo si pudieran aplastarnos? \u00bfSomos acaso insectos? No. Somos el futuro del reino.<\/p>\n<p>Degoth percibi\u00f3 lo que estaba por suceder. As\u00ed que con un sonido met\u00e1lico, desenvain\u00f3 su espada. Sus hombres lo imitaron: tres desenfundando espada, dos tensando arco.<\/p>\n<p>\u2014\u00a1Esc\u00fachame! \u2014Dijo Degoth\u2014. Solo queremos capturarte. No queremos matarte. Podr\u00e1s apelar al Concilio.<\/p>\n<p>\u2014\u00bfAl Concilio? Primero muerto\u2026<\/p>\n<p>Sinti\u00f3 una presi\u00f3n en el aire en el preciso momento en que Umanir despeg\u00f3 ambas manos de la mesa. El aire a su alrededor adquiri\u00f3 peso, y lo presion\u00f3 contra el piso.<\/p>\n<p>Un manipulador, pens\u00f3 Degoth. Un manipulador del aire.<\/p>\n<p>\u2014\u00a1Dispare! \u2014Grit\u00f3 Degoth.<\/p>\n<p>Los dos soldados dispararon la flecha pr\u00e1cticamente al mismo tiempo, pero el hechicero fue m\u00e1s r\u00e1pido. Cruz\u00f3 los brazos extendidos hacia ellos, mostrando las palmas, y las flechas que salieron dirigidas hacia su cabeza cambiaron en el aire el curso de su trayectoria. Una de ellas roz\u00f3 peligrosamente el hombro del soldado a la izquierda de Degoth, y la otra flecha se incrust\u00f3 en la garganta del sargento Hasket.<\/p>\n<p>Maldijo y se abalanz\u00f3 sobre el hechicero, pero aqu\u00e9l se puso de pie y, con un movimiento de las manos, la mesa se proyect\u00f3 hacia ellos dando giros.<\/p>\n<p>Alcanz\u00f3 a agacharse, pero no as\u00ed los soldados. La mesa le dio a tres de ellos, incluyendo a Hasket, que todav\u00eda no se desplomaba en el piso.<\/p>\n<p>Se puso de pie y lanz\u00f3 un ataque diagonal sobre el hechicero, quien hab\u00eda ya producido una daga de tama\u00f1o mediano, con la que repeli\u00f3 el ataque.<\/p>\n<p>Un torbellino comenz\u00f3 a formarse alrededor de Umanir. Pronto giraban en torno a \u00e9l el tarro de cerveza, un par de cuchillos, un plato, y astillas de madera que se levantaban del piso.<\/p>\n<p>\u2014\u00a1R\u00edndete, hechicero! \u2014Grit\u00f3 Degoth\u2014. R\u00edndete y te perdonaremos la vida.<\/p>\n<p>De la boca de Umanir brot\u00f3 una voz gutural, demoniaca:<\/p>\n<p>\u2014Este es el principio. Esto es solo el principio del final. La gran revelaci\u00f3n se acerca.<\/p>\n<p>Con eso y un grito de bestia salvaje, se arroj\u00f3 sobre Degoth, quien estaba preparado para el ataque, y con un movimiento r\u00e1pido desliz\u00f3 la mitad de su espada en el centro del pecho del hechicero.<\/p>\n<p>\u2014Muy pronto\u2026 \u2014musit\u00f3 Umanir, antes de desplomarse.<\/p>\n","protected":false},"excerpt":{"rendered":"<p>Para los amantes de Juego de tronos, La rueda del tiempo, El se\u00f1or de los anillos&#8230; Una novela de fantas\u00eda \u00e9pica llena de acci\u00f3n y aventura.<\/p>\n","protected":false},"featured_media":405,"comment_status":"open","ping_status":"closed","template":"","meta":{"_uag_custom_page_level_css":"","_joinchat":[]},"product_cat":[25,27],"product_tag":[],"class_list":["post-384","product","type-product","status-publish","has-post-thumbnail","hentry","product_cat-libros","product_cat-literatura-fantastica"],"uagb_featured_image_src":{"full":["https:\/\/ebanti.com\/tienda\/wp-content\/uploads\/2023\/09\/61MKNPsDH5L._SY342_.jpg",228,342,false],"thumbnail":["https:\/\/ebanti.com\/tienda\/wp-content\/uploads\/2023\/09\/61MKNPsDH5L._SY342_-150x150.jpg",150,150,true],"medium":["https:\/\/ebanti.com\/tienda\/wp-content\/uploads\/2023\/09\/61MKNPsDH5L._SY342_-200x300.jpg",200,300,true],"medium_large":["https:\/\/ebanti.com\/tienda\/wp-content\/uploads\/2023\/09\/61MKNPsDH5L._SY342_.jpg",228,342,false],"large":["https:\/\/ebanti.com\/tienda\/wp-content\/uploads\/2023\/09\/61MKNPsDH5L._SY342_.jpg",228,342,false],"1536x1536":["https:\/\/ebanti.com\/tienda\/wp-content\/uploads\/2023\/09\/61MKNPsDH5L._SY342_.jpg",228,342,false],"2048x2048":["https:\/\/ebanti.com\/tienda\/wp-content\/uploads\/2023\/09\/61MKNPsDH5L._SY342_.jpg",228,342,false],"the_grid_size1":["https:\/\/ebanti.com\/tienda\/wp-content\/uploads\/2023\/09\/61MKNPsDH5L._SY342_.jpg",228,342,false],"the_grid_size2":["https:\/\/ebanti.com\/tienda\/wp-content\/uploads\/2023\/09\/61MKNPsDH5L._SY342_.jpg",228,342,false],"the_grid_size3":["https:\/\/ebanti.com\/tienda\/wp-content\/uploads\/2023\/09\/61MKNPsDH5L._SY342_.jpg",228,342,false],"the_grid_size4":["https:\/\/ebanti.com\/tienda\/wp-content\/uploads\/2023\/09\/61MKNPsDH5L._SY342_.jpg",228,342,false],"the_grid_size5":["https:\/\/ebanti.com\/tienda\/wp-content\/uploads\/2023\/09\/61MKNPsDH5L._SY342_.jpg",228,342,false],"woocommerce_thumbnail":["https:\/\/ebanti.com\/tienda\/wp-content\/uploads\/2023\/09\/61MKNPsDH5L._SY342_-228x300.jpg",228,300,true],"woocommerce_single":["https:\/\/ebanti.com\/tienda\/wp-content\/uploads\/2023\/09\/61MKNPsDH5L._SY342_.jpg",228,342,false],"woocommerce_gallery_thumbnail":["https:\/\/ebanti.com\/tienda\/wp-content\/uploads\/2023\/09\/61MKNPsDH5L._SY342_-100x100.jpg",100,100,true],"portfolio_item-thumbnail":["https:\/\/ebanti.com\/tienda\/wp-content\/uploads\/2023\/09\/61MKNPsDH5L._SY342_.jpg",228,342,false],"portfolio_item-thumbnail@2x":["https:\/\/ebanti.com\/tienda\/wp-content\/uploads\/2023\/09\/61MKNPsDH5L._SY342_.jpg",228,342,false],"portfolio_item-masonry":["https:\/\/ebanti.com\/tienda\/wp-content\/uploads\/2023\/09\/61MKNPsDH5L._SY342_.jpg",228,342,false],"portfolio_item-masonry@2x":["https:\/\/ebanti.com\/tienda\/wp-content\/uploads\/2023\/09\/61MKNPsDH5L._SY342_.jpg",228,342,false],"portfolio_item-thumbnail_cinema":["https:\/\/ebanti.com\/tienda\/wp-content\/uploads\/2023\/09\/61MKNPsDH5L._SY342_-228x335.jpg",228,335,true],"portfolio_item-thumbnail_portrait":["https:\/\/ebanti.com\/tienda\/wp-content\/uploads\/2023\/09\/61MKNPsDH5L._SY342_.jpg",228,342,false],"portfolio_item-thumbnail_portrait@2x":["https:\/\/ebanti.com\/tienda\/wp-content\/uploads\/2023\/09\/61MKNPsDH5L._SY342_.jpg",228,342,false],"portfolio_item-thumbnail_square":["https:\/\/ebanti.com\/tienda\/wp-content\/uploads\/2023\/09\/61MKNPsDH5L._SY342_.jpg",228,342,false]},"uagb_author_info":{"display_name":"soporte@ebanti.com","author_link":"https:\/\/ebanti.com\/tienda\/author\/"},"uagb_comment_info":0,"uagb_excerpt":"Para los amantes de Juego de tronos, La rueda del tiempo, El se\u00f1or de los anillos... Una novela de fantas\u00eda \u00e9pica llena de acci\u00f3n y aventura.","featured_media_urls":{"thumbnail":["https:\/\/ebanti.com\/tienda\/wp-content\/uploads\/2023\/09\/61MKNPsDH5L._SY342_-150x150.jpg",150,150,true],"medium":["https:\/\/ebanti.com\/tienda\/wp-content\/uploads\/2023\/09\/61MKNPsDH5L._SY342_-200x300.jpg",200,300,true],"medium_large":["https:\/\/ebanti.com\/tienda\/wp-content\/uploads\/2023\/09\/61MKNPsDH5L._SY342_.jpg",228,342,false],"large":["https:\/\/ebanti.com\/tienda\/wp-content\/uploads\/2023\/09\/61MKNPsDH5L._SY342_.jpg",228,342,false],"1536x1536":["https:\/\/ebanti.com\/tienda\/wp-content\/uploads\/2023\/09\/61MKNPsDH5L._SY342_.jpg",228,342,false],"2048x2048":["https:\/\/ebanti.com\/tienda\/wp-content\/uploads\/2023\/09\/61MKNPsDH5L._SY342_.jpg",228,342,false],"the_grid_size1":["https:\/\/ebanti.com\/tienda\/wp-content\/uploads\/2023\/09\/61MKNPsDH5L._SY342_.jpg",228,342,false],"the_grid_size2":["https:\/\/ebanti.com\/tienda\/wp-content\/uploads\/2023\/09\/61MKNPsDH5L._SY342_.jpg",228,342,false],"the_grid_size3":["https:\/\/ebanti.com\/tienda\/wp-content\/uploads\/2023\/09\/61MKNPsDH5L._SY342_.jpg",228,342,false],"the_grid_size4":["https:\/\/ebanti.com\/tienda\/wp-content\/uploads\/2023\/09\/61MKNPsDH5L._SY342_.jpg",228,342,false],"the_grid_size5":["https:\/\/ebanti.com\/tienda\/wp-content\/uploads\/2023\/09\/61MKNPsDH5L._SY342_.jpg",228,342,false],"woocommerce_thumbnail":["https:\/\/ebanti.com\/tienda\/wp-content\/uploads\/2023\/09\/61MKNPsDH5L._SY342_-228x300.jpg",228,300,true],"woocommerce_single":["https:\/\/ebanti.com\/tienda\/wp-content\/uploads\/2023\/09\/61MKNPsDH5L._SY342_.jpg",228,342,false],"woocommerce_gallery_thumbnail":["https:\/\/ebanti.com\/tienda\/wp-content\/uploads\/2023\/09\/61MKNPsDH5L._SY342_-100x100.jpg",100,100,true],"portfolio_item-thumbnail":["https:\/\/ebanti.com\/tienda\/wp-content\/uploads\/2023\/09\/61MKNPsDH5L._SY342_.jpg",228,342,false],"portfolio_item-thumbnail@2x":["https:\/\/ebanti.com\/tienda\/wp-content\/uploads\/2023\/09\/61MKNPsDH5L._SY342_.jpg",228,342,false],"portfolio_item-masonry":["https:\/\/ebanti.com\/tienda\/wp-content\/uploads\/2023\/09\/61MKNPsDH5L._SY342_.jpg",228,342,false],"portfolio_item-masonry@2x":["https:\/\/ebanti.com\/tienda\/wp-content\/uploads\/2023\/09\/61MKNPsDH5L._SY342_.jpg",228,342,false],"portfolio_item-thumbnail_cinema":["https:\/\/ebanti.com\/tienda\/wp-content\/uploads\/2023\/09\/61MKNPsDH5L._SY342_-228x335.jpg",228,335,true],"portfolio_item-thumbnail_portrait":["https:\/\/ebanti.com\/tienda\/wp-content\/uploads\/2023\/09\/61MKNPsDH5L._SY342_.jpg",228,342,false],"portfolio_item-thumbnail_portrait@2x":["https:\/\/ebanti.com\/tienda\/wp-content\/uploads\/2023\/09\/61MKNPsDH5L._SY342_.jpg",228,342,false],"portfolio_item-thumbnail_square":["https:\/\/ebanti.com\/tienda\/wp-content\/uploads\/2023\/09\/61MKNPsDH5L._SY342_.jpg",228,342,false]},"_links":{"self":[{"href":"https:\/\/ebanti.com\/tienda\/wp-json\/wp\/v2\/product\/384","targetHints":{"allow":["GET"]}}],"collection":[{"href":"https:\/\/ebanti.com\/tienda\/wp-json\/wp\/v2\/product"}],"about":[{"href":"https:\/\/ebanti.com\/tienda\/wp-json\/wp\/v2\/types\/product"}],"replies":[{"embeddable":true,"href":"https:\/\/ebanti.com\/tienda\/wp-json\/wp\/v2\/comments?post=384"}],"wp:featuredmedia":[{"embeddable":true,"href":"https:\/\/ebanti.com\/tienda\/wp-json\/wp\/v2\/media\/405"}],"wp:attachment":[{"href":"https:\/\/ebanti.com\/tienda\/wp-json\/wp\/v2\/media?parent=384"}],"wp:term":[{"taxonomy":"product_cat","embeddable":true,"href":"https:\/\/ebanti.com\/tienda\/wp-json\/wp\/v2\/product_cat?post=384"},{"taxonomy":"product_tag","embeddable":true,"href":"https:\/\/ebanti.com\/tienda\/wp-json\/wp\/v2\/product_tag?post=384"}],"curies":[{"name":"wp","href":"https:\/\/api.w.org\/{rel}","templated":true}]}}