{"id":154,"date":"2023-09-28T06:56:05","date_gmt":"2023-09-28T06:56:05","guid":{"rendered":"https:\/\/ebanti.com\/tienda\/?post_type=product&#038;p=154"},"modified":"2023-09-28T13:21:31","modified_gmt":"2023-09-28T13:21:31","slug":"coraline-edicion-ilustrada-pasta-dura","status":"publish","type":"product","link":"https:\/\/ebanti.com\/tienda\/producto\/coraline-edicion-ilustrada-pasta-dura\/","title":{"rendered":"Coraline (edici\u00f3n ilustrada) Pasta dura"},"content":{"rendered":"<p>Al dia siguiente de haberse mudado, Coraline explora las catorce puertas de su nuevo hogar. Trece se pueden abrir con normalidad, pero la decimocuarta esta cerrada y tapiada. Cuando por fin consigue abrirla, Coraline se encuentra con un pasadizo secreto que la conduce a otra casa tan parecida a la suya que resulta escalofriante. Aunque hay algunas diferencias que reclaman poderosamente su atencion: la comida est\u00e1 m\u00e1s rica, hay unos juguetes incre\u00edbles y, sobre todo, otra madre y otro padre que quieren que se quede con ellos, se convierta en su hija y no se marche jam\u00e1s. Pronto descubre que detr\u00e1s de los espejos hay otros ni\u00f1os que han ca\u00eddo en la trampa. Ellos son almas perdidas y Coraline es su \u00faltima esperanza, la \u00fanica que puede salvarles.<\/p>\n","protected":false},"excerpt":{"rendered":"<p>De la mano de Coraline, entrar\u00e1s delicadamente en el mundo de fantas\u00eda y terror creado por el premiado autor Neil Gaiman.<\/p>\n","protected":false},"featured_media":161,"comment_status":"open","ping_status":"closed","template":"","meta":{"_uag_custom_page_level_css":"","_joinchat":[]},"product_cat":[25,27],"product_tag":[],"class_list":["post-154","product","type-product","status-publish","has-post-thumbnail","hentry","product_cat-libros","product_cat-literatura-fantastica"],"uagb_featured_image_src":{"full":["https:\/\/ebanti.com\/tienda\/wp-content\/uploads\/2023\/09\/81xQRYsOu6S._SY425_.jpg",314,425,false],"thumbnail":["https:\/\/ebanti.com\/tienda\/wp-content\/uploads\/2023\/09\/81xQRYsOu6S._SY425_-150x150.jpg",150,150,true],"medium":["https:\/\/ebanti.com\/tienda\/wp-content\/uploads\/2023\/09\/81xQRYsOu6S._SY425_-222x300.jpg",222,300,true],"medium_large":["https:\/\/ebanti.com\/tienda\/wp-content\/uploads\/2023\/09\/81xQRYsOu6S._SY425_.jpg",314,425,false],"large":["https:\/\/ebanti.com\/tienda\/wp-content\/uploads\/2023\/09\/81xQRYsOu6S._SY425_.jpg",314,425,false],"1536x1536":["https:\/\/ebanti.com\/tienda\/wp-content\/uploads\/2023\/09\/81xQRYsOu6S._SY425_.jpg",314,425,false],"2048x2048":["https:\/\/ebanti.com\/tienda\/wp-content\/uploads\/2023\/09\/81xQRYsOu6S._SY425_.jpg",314,425,false],"the_grid_size1":["https:\/\/ebanti.com\/tienda\/wp-content\/uploads\/2023\/09\/81xQRYsOu6S._SY425_.jpg",314,425,false],"the_grid_size2":["https:\/\/ebanti.com\/tienda\/wp-content\/uploads\/2023\/09\/81xQRYsOu6S._SY425_.jpg",314,425,false],"the_grid_size3":["https:\/\/ebanti.com\/tienda\/wp-content\/uploads\/2023\/09\/81xQRYsOu6S._SY425_.jpg",314,425,false],"the_grid_size4":["https:\/\/ebanti.com\/tienda\/wp-content\/uploads\/2023\/09\/81xQRYsOu6S._SY425_.jpg",314,425,false],"the_grid_size5":["https:\/\/ebanti.com\/tienda\/wp-content\/uploads\/2023\/09\/81xQRYsOu6S._SY425_.jpg",314,425,false],"woocommerce_thumbnail":["https:\/\/ebanti.com\/tienda\/wp-content\/uploads\/2023\/09\/81xQRYsOu6S._SY425_-300x300.jpg",300,300,true],"woocommerce_single":["https:\/\/ebanti.com\/tienda\/wp-content\/uploads\/2023\/09\/81xQRYsOu6S._SY425_.jpg",314,425,false],"woocommerce_gallery_thumbnail":["https:\/\/ebanti.com\/tienda\/wp-content\/uploads\/2023\/09\/81xQRYsOu6S._SY425_-100x100.jpg",100,100,true],"portfolio_item-thumbnail":["https:\/\/ebanti.com\/tienda\/wp-content\/uploads\/2023\/09\/81xQRYsOu6S._SY425_-314x400.jpg",314,400,true],"portfolio_item-thumbnail@2x":["https:\/\/ebanti.com\/tienda\/wp-content\/uploads\/2023\/09\/81xQRYsOu6S._SY425_.jpg",314,425,false],"portfolio_item-masonry":["https:\/\/ebanti.com\/tienda\/wp-content\/uploads\/2023\/09\/81xQRYsOu6S._SY425_.jpg",314,425,false],"portfolio_item-masonry@2x":["https:\/\/ebanti.com\/tienda\/wp-content\/uploads\/2023\/09\/81xQRYsOu6S._SY425_.jpg",314,425,false],"portfolio_item-thumbnail_cinema":["https:\/\/ebanti.com\/tienda\/wp-content\/uploads\/2023\/09\/81xQRYsOu6S._SY425_-314x335.jpg",314,335,true],"portfolio_item-thumbnail_portrait":["https:\/\/ebanti.com\/tienda\/wp-content\/uploads\/2023\/09\/81xQRYsOu6S._SY425_.jpg",314,425,false],"portfolio_item-thumbnail_portrait@2x":["https:\/\/ebanti.com\/tienda\/wp-content\/uploads\/2023\/09\/81xQRYsOu6S._SY425_.jpg",314,425,false],"portfolio_item-thumbnail_square":["https:\/\/ebanti.com\/tienda\/wp-content\/uploads\/2023\/09\/81xQRYsOu6S._SY425_.jpg",314,425,false]},"uagb_author_info":{"display_name":"soporte@ebanti.com","author_link":"https:\/\/ebanti.com\/tienda\/author\/"},"uagb_comment_info":0,"uagb_excerpt":"De la mano de Coraline, entrar\u00e1s delicadamente en el mundo de fantas\u00eda y terror creado por el premiado autor Neil Gaiman.","featured_media_urls":{"thumbnail":["https:\/\/ebanti.com\/tienda\/wp-content\/uploads\/2023\/09\/81xQRYsOu6S._SY425_-150x150.jpg",150,150,true],"medium":["https:\/\/ebanti.com\/tienda\/wp-content\/uploads\/2023\/09\/81xQRYsOu6S._SY425_-222x300.jpg",222,300,true],"medium_large":["https:\/\/ebanti.com\/tienda\/wp-content\/uploads\/2023\/09\/81xQRYsOu6S._SY425_.jpg",314,425,false],"large":["https:\/\/ebanti.com\/tienda\/wp-content\/uploads\/2023\/09\/81xQRYsOu6S._SY425_.jpg",314,425,false],"1536x1536":["https:\/\/ebanti.com\/tienda\/wp-content\/uploads\/2023\/09\/81xQRYsOu6S._SY425_.jpg",314,425,false],"2048x2048":["https:\/\/ebanti.com\/tienda\/wp-content\/uploads\/2023\/09\/81xQRYsOu6S._SY425_.jpg",314,425,false],"the_grid_size1":["https:\/\/ebanti.com\/tienda\/wp-content\/uploads\/2023\/09\/81xQRYsOu6S._SY425_.jpg",314,425,false],"the_grid_size2":["https:\/\/ebanti.com\/tienda\/wp-content\/uploads\/2023\/09\/81xQRYsOu6S._SY425_.jpg",314,425,false],"the_grid_size3":["https:\/\/ebanti.com\/tienda\/wp-content\/uploads\/2023\/09\/81xQRYsOu6S._SY425_.jpg",314,425,false],"the_grid_size4":["https:\/\/ebanti.com\/tienda\/wp-content\/uploads\/2023\/09\/81xQRYsOu6S._SY425_.jpg",314,425,false],"the_grid_size5":["https:\/\/ebanti.com\/tienda\/wp-content\/uploads\/2023\/09\/81xQRYsOu6S._SY425_.jpg",314,425,false],"woocommerce_thumbnail":["https:\/\/ebanti.com\/tienda\/wp-content\/uploads\/2023\/09\/81xQRYsOu6S._SY425_-300x300.jpg",300,300,true],"woocommerce_single":["https:\/\/ebanti.com\/tienda\/wp-content\/uploads\/2023\/09\/81xQRYsOu6S._SY425_.jpg",314,425,false],"woocommerce_gallery_thumbnail":["https:\/\/ebanti.com\/tienda\/wp-content\/uploads\/2023\/09\/81xQRYsOu6S._SY425_-100x100.jpg",100,100,true],"portfolio_item-thumbnail":["https:\/\/ebanti.com\/tienda\/wp-content\/uploads\/2023\/09\/81xQRYsOu6S._SY425_-314x400.jpg",314,400,true],"portfolio_item-thumbnail@2x":["https:\/\/ebanti.com\/tienda\/wp-content\/uploads\/2023\/09\/81xQRYsOu6S._SY425_.jpg",314,425,false],"portfolio_item-masonry":["https:\/\/ebanti.com\/tienda\/wp-content\/uploads\/2023\/09\/81xQRYsOu6S._SY425_.jpg",314,425,false],"portfolio_item-masonry@2x":["https:\/\/ebanti.com\/tienda\/wp-content\/uploads\/2023\/09\/81xQRYsOu6S._SY425_.jpg",314,425,false],"portfolio_item-thumbnail_cinema":["https:\/\/ebanti.com\/tienda\/wp-content\/uploads\/2023\/09\/81xQRYsOu6S._SY425_-314x335.jpg",314,335,true],"portfolio_item-thumbnail_portrait":["https:\/\/ebanti.com\/tienda\/wp-content\/uploads\/2023\/09\/81xQRYsOu6S._SY425_.jpg",314,425,false],"portfolio_item-thumbnail_portrait@2x":["https:\/\/ebanti.com\/tienda\/wp-content\/uploads\/2023\/09\/81xQRYsOu6S._SY425_.jpg",314,425,false],"portfolio_item-thumbnail_square":["https:\/\/ebanti.com\/tienda\/wp-content\/uploads\/2023\/09\/81xQRYsOu6S._SY425_.jpg",314,425,false]},"_links":{"self":[{"href":"https:\/\/ebanti.com\/tienda\/wp-json\/wp\/v2\/product\/154","targetHints":{"allow":["GET"]}}],"collection":[{"href":"https:\/\/ebanti.com\/tienda\/wp-json\/wp\/v2\/product"}],"about":[{"href":"https:\/\/ebanti.com\/tienda\/wp-json\/wp\/v2\/types\/product"}],"replies":[{"embeddable":true,"href":"https:\/\/ebanti.com\/tienda\/wp-json\/wp\/v2\/comments?post=154"}],"wp:featuredmedia":[{"embeddable":true,"href":"https:\/\/ebanti.com\/tienda\/wp-json\/wp\/v2\/media\/161"}],"wp:attachment":[{"href":"https:\/\/ebanti.com\/tienda\/wp-json\/wp\/v2\/media?parent=154"}],"wp:term":[{"taxonomy":"product_cat","embeddable":true,"href":"https:\/\/ebanti.com\/tienda\/wp-json\/wp\/v2\/product_cat?post=154"},{"taxonomy":"product_tag","embeddable":true,"href":"https:\/\/ebanti.com\/tienda\/wp-json\/wp\/v2\/product_tag?post=154"}],"curies":[{"name":"wp","href":"https:\/\/api.w.org\/{rel}","templated":true}]}}